30 divide 1800?
True
Does 300 divide 13800?
True
Does 6 divide 23226?
True
Does 60 divide 8405?
False
Does 33 divide 66013?
False
Is 24 a factor of 1392?
True
Does 6 divide 1236?
True
Is 4755 a multiple of 12?
False
Is 15765 a multiple of 175?
False
Does 30 divide 1830?
True
Is 1731 a multiple of 14?
False
Is 260 a multiple of 65?
True
Is 5 a factor of 25?
True
Does 58 divide 1037?
False
Does 22 divide 459?
False
Does 36 divide 89352?
True
Does 17 divide 120649?
True
Does 73 divide 10941?
False
Is 170 a factor of 28473?
False
Is 34 a factor of 6622?
False
Is 4 a factor of 1100?
True
Is 783 a multiple of 44?
False
Is 46 a factor of 46708?
False
Does 13 divide 247?
True
Is 7 a factor of 2864?
False
Is 97 a factor of 1358?
True
Is 11633 a multiple of 32?
False
Is 560 a multiple of 5?
True
Is 29 a factor of 4235?
False
Is 5 a factor of 658?
False
Is 805 a multiple of 5?
True
Is 672 a multiple of 16?
True
Is 72 a factor of 1126?
False
Is 67 a factor of 7437?
True
Is 264 a multiple of 33?
True
Is 7273 a multiple of 133?
False
Is 104 a factor of 1109?
False
Is 695 a multiple of 5?
True
Is 21560 a multiple of 77?
True
Does 63 divide 1854?
False
Is 80640 a multiple of 128?
True
Is 1701 a multiple of 37?
False
Is 4661 a multiple of 16?
False
Is 17 a factor of 3050?
False
Is 44 a factor of 7159?
False
Is 6815 a multiple of 5?
True
Does 6 divide 7?
False
Is 84 a factor of 2184?
True
Does 4 divide 5368?
True
Does 46 divide 1426?
True
Does 37 divide 6438?
True
Does 145 divide 924?
False
Is 82 a factor of 2132?
True
Does 12 divide 1572?
True
Is 61 a factor of 39225?
False
Does 11 divide 9394?
True
Is 5 a factor of 19625?
True
Does 9 divide 5629?
False
Is 13944 a multiple of 11?
False
Does 94 divide 22278?
True
Is 70 a factor of 6027?
False
Is 9181 a multiple of 7?
False
Does 58 divide 2043?
False
Does 98 divide 13706?
False
Does 16 divide 730?
False
Is 7 a factor of 4428?
False
Is 55341 a multiple of 68?
False
Is 192 a factor of 7090?
False
Is 18 a factor of 14400?
True
Is 9867 a multiple of 69?
True
Is 5664 a multiple of 177?
True
Does 23 divide 18205?
False
Is 75164 a multiple of 31?
False
Does 7 divide 10482?
False
Does 82 divide 1258?
False
Is 279 a factor of 71877?
False
Does 56 divide 1680?
True
Is 10983 a multiple of 21?
True
Is 281 a multiple of 9?
False
Does 210 divide 16590?
True
Does 23 divide 1702?
True
Does 85 divide 170?
True
Is 2512 a multiple of 25?
False
Does 14 divide 16856?
True
Is 15 a factor of 465?
True
Is 29692 a multiple of 12?
False
Is 5 a factor of 1090?
True
Does 14 divide 1694?
True
Does 5 divide 2275?
True
Does 6 divide 296?
False
Is 6277 a multiple of 28?
False
Does 12 divide 139?
False
Is 17968 a multiple of 16?
True
Is 229 a factor of 32896?
False
Is 45 a factor of 667?
False
Is 14 a factor of 10312?
False
Is 600 a multiple of 30?
True
Does 76 divide 20140?
True
Is 23668 a multiple of 97?
True
Does 11 divide 2046?
True
Does 89 divide 60787?
True
Is 567 a multiple of 63?
True
Does 36 divide 3744?
True
Does 55 divide 1314?
False
Is 1077 a multiple of 78?
False
Is 11 a factor of 908?
False
Is 12 a factor of 2908?
False
Does 22 divide 14281?
False
Is 16555 a multiple of 103?
False
Is 14 a factor of 518?
True
Does 2 divide 354?
True
Is 14731 a multiple of 52?
False
Does 51 divide 2315?
False
Is 81 a factor of 6088?
False
Does 16 divide 864?
True
Is 68 a factor of 93312?
False
Does 9 divide 1387?
False
Does 20 divide 193?
False
Is 9393 a multiple of 31?
True
Is 6 a factor of 587?
False
Is 15 a factor of 10587?
False
Does 147 divide 29212?
False
Is 10842 a multiple of 169?
False
Is 441 a multiple of 11?
False
Is 1938 a multiple of 34?
True
Does 133 divide 12006?
False
Does 104 divide 25584?
True
Is 8 a factor of 928?
True
Is 17 a factor of 13461?
False
Is 827 a multiple of 25?
False
Is 32 a factor of 192?
True
Does 22 divide 726?
True
Does 7 divide 26362?
True
Does 39 divide 1735?
False
Does 14 divide 5712?
True
Is 75 a multiple of 6?
False
Is 675 a multiple of 9?
True
Does 98 divide 7448?
True
Is 28217 a multiple of 4?
False
Is 68120 a multiple of 279?
False
Does 14 divide 560?
True
Is 161 even?
False
Does 132 divide 264?
True
Is 40313 a multiple of 443?
True
Is 79 a factor of 45978?
True
Does 63 divide 1638?
True
Is 14 a factor of 534?
False
Is 69275 a multiple of 17?
True
Does 6 divide 234?
True
Does 9 divide 1522?
False
Is 106 a factor of 4664?
True
Is 2970 a multiple of 30?
True
Is 58 a factor of 174?
True
Is 18985 a multiple of 42?
False
Is 921 a multiple of 20?
False
Is 770 a multiple of 77?
True
Does 8 divide 17225?
False
Is 42 a factor of 3024?
True
Is 14 a factor of 82768?
True
Does 45 divide 12091?
False
Is 1941 a multiple of 2?
False
Is 8 a factor of 122?
False
Is 1910 a multiple of 72?
False
Is 4369 a multiple of 17?
True
Is 8652 a multiple of 84?
True
Is 10 a factor of 13194?
False
Does 92 divide 3496?
True
Is 61 a factor of 2547?
False
Does 4 divide 440?
True
Is 15 a factor of 1260?
True
Is 293 a factor of 54807?
False
Does 8 divide 1544?
True
Is 26 a multiple of 3?
False
Is 2 a factor of 159?
False
Is 572 a multiple of 30?
False
Is 1005 a multiple of 67?
True
Is 31 a factor of 1333?
True
Is 9 a factor of 2034?
True
Is 225 a multiple of 18?
False
Does 19 divide 3420?
True
Does 24 divide 7032?
True
Is 19 a factor of 361?
True
Is 23542 a multiple of 233?
False
Is 14210 a multiple of 58?
True
Is 46715 a multiple of 20?
False
Is 34 a factor of 8867?
False
Does 10 divide 1380?
True
Is 13058 a multiple of 177?
False
Is 159 a multiple of 2?
False
Does 19 divide 1018?
False
Is 54 a factor of 20088?
True
Is 8 a factor of 168?
True
Does 38 divide 18810?
True
Is 32 a factor of 384?
True
Does 24 divide 1248?
True
Does 209 divide 56639?
True
Is 44 a factor of 18040?
True
Does 9 divide 9866?
False
Is 237 even?
False
Is 22 a factor of 1572?
False
Is 25632 a multiple of 148?
False
Does 37 divide 1087?
False
Does 46 divide 138?
True
Is 48 a factor of 144?
True
Is 1896 a multiple of 16?
False
Does 13 divide 365?
False
Is 255 a multiple of 14?
False
Is 17319 a multiple of 14?
False
Is 1081 a multiple of 23?
True
Is 7993 a multiple of 28?
False
Is 10418 a multiple of 18?
False
Is 3 a factor of 449?
False
Is 7359 a multiple of 11?
True
Does 37 divide 881?
False
Is 2449 a multiple of 31?
True
Is 52 a factor of 6240?
True
Is 4824 a multiple of 51?
False
Does 11 divide 52734?
True
Is 37059 a multiple of 7?
False
Is 13 a factor of 728?
True
Does 13 divide 156?
True
Is 14 a factor of 3435?
False
Does 47 divide 17278?
False
Is 4 a factor of 936?
True
Is 7 a factor of 1406?
False
Is 788 a multiple of 71?
False
Is 18938 a multiple of 10?
False
Is 1721 a multiple of 9?
False
Is 139468 a multiple of 17?
True
Is 91008 a multiple of 79?
True
Is 18383 a multiple of 272?
False
Is 4554 a multiple of 45?
False
Is 11 a factor of 5500?
True
Does 43 divide 3331?
False
Is 7021 a multiple of 35?
False
Does 82 divide 1312?
True
Is 6455 a multiple of 32?
False
Does 38 divide 1544?
False
Is 915 a multiple of 13?
False
Does 21 divide 1102?
False
Is 3 a factor of 492?
True
Does 69 divide 23391?
True
Is 2060 a multiple of 20?
True
Is 7062 a multiple of 11?
True
Is 6912 a multiple of 48?
True
Does 9 divide 261?
True
Does 14 divide 364?
True
Is 570 a multiple of 6?
True
Is 12 a factor of 269?
False
Is 462 a multiple of 22?
True
Is 23049 a multiple of 156?
False
Is 23 a factor of 8351?
False
Is 7 a factor of 375?
False
Is 2016 a multiple of 16?
True
Is 10 a factor of 230?
True
Does 20 divide 3226?
False
Is 3489 a multiple of 10?
False
Is 1470 a multiple of 35?
True
Is 14 a factor of 434?
True
Is 45160 a multiple of 82?
False
Is 18 a factor of 3753?
False
Is 11 a factor of 37268?
True
Does 14 divide 1470?
True
Does 4 divide 2180?
True
Does 29 divide 36364?
False
Is 19 a factor of 1064?
True
Is 1458 a multiple of 11?
False
Does 18 divide 45594?
True
Is 38 a factor of 760?
True
Does 70 divide 2857?
False
Does 10 divide 995?
False
Does 169 divide 676?
True
Does 19 divide 187?
False
Is 1980 a multiple of 19?
False
Is 14 a factor of 72207?
False
Does 13 divide 1156?
False
Does 24 divide 876?
False
Is 165 a factor of 16995?
True
Does 8 divide 600?
True
Is 27 a factor of 18495?
True
Is 6834 a multiple of 51?
True
Does 11 divide 3787?
False
Does 136 divide 2909?
False
Does